r when 79 is divided by n.
15
Let g = -1738 - -2220. What is the remainder when g is divided by 56?
34
Suppose -5*k = -2*d + 90, d + 4*k = 2*k + 27. What is the remainder when d is divided by (-1004)/(-132)*3 + (-104)/(-88) + -1?
12
Suppose 3*a = -5*l + 17, 6 = 3*l - l + 2*a. Let q = 4923 + -4924. Calculate the remainder when 27 is divided by (1 + -31)/(q + l - 5).
12
Suppose -6*j + 567 = 10*j - 7*j. What is the remainder when 271 is divided by j?
19
Suppose -8*i + 1152 = -17*i. Let t = i - -157. What is the remainder when 105 is divided by t?
18
Let x(p) = -p**3 + 9*p**2 + 7*p + 13. Suppose 19*j = 20 + 151. Calculate the remainder when 153 is divided by x(j).
1
Let y(f) = f**3 + 13*f**2 + 13*f + 184. Let q(j) = 3*j**2 + j - 1. What is the remainder when q(-6) is divided by y(-13)?
11
Let d = 58 + -40. Calculate the remainder when (48/d)/(57/18 - 3) is divided by 2/3*(-81)/(-6).
7
Suppose -175007*q = -175101*q + 2726. Let o be (-62)/(-6)*(1 - -2). Let u = 88 - o. Calculate the remainder when u is divided by q.
28
Let d = 37185 + -21666. What is the remainder when d is divided by 32?
31
Let i = 151 + -130. Let q(v) = 39*v. Let z(m) = -m**3 + 4*m**2 + 4*m + 6. Let y be z(5). Calculate the remainder when q(y) is divided by i.
18
Let u(b) = 126*b + 1228. Calculate the remainder when u(-7) is divided by 5.
1
Suppose -49*y = -58 + 58. Suppose y*m = 5*m - 850. What is the remainder when m is divided by 32?
10
Suppose 2*q - 5*s - 247 = 0, -5*q + 2*s + 610 = -3*s. Let v(b) = 3*b - 47. What is the remainder when q is divided by v(24)?
21
Let b(p) = p**3 + 53*p**2 - 358*p - 225. What is the remainder when 1713 is divided by b(-59)?
8
What is the remainder when 193 is divided by (-10 - 1008/(-99)) + (-493)/(-11)?
13
Suppose -6*w + 164 = r - 10*w, -4*w = 7*r - 1052. What is the remainder when 442 is divided by r?
138
Suppose -3*u + 95 = 2*u. Let z(w) = 49*w**3 - 27*w**3 + 11 - 23*w**3 + 26*w - 27*w. Calculate the remainder when u is divided by z(0).
8
Let f(b) = -371*b + 20 - 12*b**2 + 404*b + 13*b**2. What is the remainder when 265 is divided by f(-34)?
49
Suppose 4*v + v - 170 = -3*b, 0 = -2*b + 4*v + 128. Suppose 0*l - 4*l = b. Let y(o) = -o - 4. Calculate the remainder when 31 is divided by y(l).
9
Suppose 706 + 914 = 135*x. What is the remainder when 9322 is divided by x?
10
Let d(s) = -s**3 + 6*s**2 + s + 4. Let j be d(6). What is the remainder when 97 is divided by j/(-3)*(-45)/3?
47
Let j(k) = k**3 - 3*k**2 - 6*k - 2. Let q(b) = -36*b - 75. Let g be q(-6). Suppose -6*n + g = -273. Calculate the remainder when n is divided by j(5).
15
Let s(m) = -m**2 + 5. Let c(y) = y**2 + y - 30. Let v be c(5). What is the remainder when 6*(-35)/28*(v - 2) is divided by s(0)?
0
Suppose q - 6 = 0, -143*q + 1451 = 5*u - 147*q. What is the remainder when 304 is divided by u?
9
Let o(g) = 70*g**2 - 13*g + 4. Calculate the remainder when o(-9) is divided by 32.
31
Suppose 49*u = 48*u - 321. Let t = u - -333. Calculate the remainder when 69 is divided by t.
9
Let i(g) = -3 - 3*g**3 + 2*g**3 - g**2 - 12*g - 3*g**2. Suppose -m = 299*o - 302*o + 13, o = 5*m + 23. Calculate the remainder when i(m) is divided by 17.
11
Suppose 0 = 10*j + 2 - 22. Suppose 12*f = j*f + 280. Calculate the remainder when 138 is divided by f.
26
Suppose 2*m - 10 = 0, 4*k - 5*m = 78 - 23. Suppose r = h - 4*r - k, 26 = h - 2*r. What is the remainder when 86 is divided by h?
26
Let g(x) = 148*x - 2412. What is the remainder when g(19) is divided by 377?
23
Let p = 3019 + -2614. Calculate the remainder when p is divided by 34.
31
Let b(d) = 8*d + 2. Suppose 609 = -2*w + 3*i, w = -0*w + 2*i - 303. Let o = -247 - w. Calculate the remainder when o is divided by b(2).
8
Let b = -120 - -173. Let o(x) = x**2 + 724*x + 21. What is the remainder when b is divided by o(0)?
11
Let o(b) = 2*b**3 - 862*b**2 - 1739*b + 3041. Let z = -37 + 76. Suppose 0 = 3*r - 0*r - z. Calculate the remainder when r is divided by o(433).
3
Let z = -3061 + 3211. What is the remainder when 437 is divided by z?
137
Let c = 327 - 95. Suppose 3*v = -y + 136, -3*v - 3*y = 2*v - c. What is the remainder when 87 is divided by v?
43
Suppose 13*z = 93*z + 3269 - 34149. What is the remainder when z is divided by 60?
26
Let y be (0 - 146)*8/(-16). Let g = y - 32. Let o = g + -7. Calculate the remainder when o is divided by 13.
8
Let c = -848 + 833. Let k(x) = x**3 + 15*x**2 - 4*x - 17. Let v(i) = -i. Let u(m) = -k(m) + 3*v(m). Calculate the remainder when 7 is divided by u(c).
1
Let x(r) = r**3 - r + 2. Let u be x(0). Suppose -g + h = g - 169, 5*g = -u*h + 445. Calculate the remainder when g is divided by 300/35*7/2.
27
Calculate the remainder when 2*((254 - -2) + 63/(-7)) is divided by 33.
32
Suppose -46061 = -284*u + 70472 + 310603. Calculate the remainder when u is divided by 29.
25
Let x = 2834 + -2776. What is the remainder when 252 is divided by x?
20
What is the remainder when 1147 is divided by (10/55)/(1 - 2) - 4232/(-44)?
91
Let y be (2 - (-20)/(-8))*-2. Let z(f) = f**2 - f + 1. Calculate the remainder when z(4) is divided by (6*(-91)/(-42))/y.
0
Suppose 8*n + 957 - 1053 = 0. Suppose p = 4*p - 108. Let w = p + 35. What is the remainder when w is divided by n?
11
Calculate the remainder when -4 + 10472/17 + (-3 - -10) is divided by 120.
19
Suppose -29 = -4*f + 11. Let c be (5/f)/((-4)/40). Let w(p) = 2*p**2 + 9*p + 8. What is the remainder when 88 is divided by w(c)?
10
Suppose 0 = -442*a + 437*a + 15. Suppose h - 5*l - 29 - 63 = 0, -298 = -a*h + 4*l. Calculate the remainder when h is divided by 7.
4
Suppose -24*v + 6268 + 4073 - 1197 = 0. Suppose -100 - 135 = -3*y + 2*i, 8 = -4*i. Calculate the remainder when v is divided by y.
73
Let v = -63 + 48. Let i = v - -101. Calculate the remainder when i is divided by 23.
17
Suppose 11*k = -2*k + 13. Let c(h) = 139*h**3 - 3*h**2 - 2*h + 4. Calculate the remainder when c(k) is divided by 62.
14
Suppose 13*t + 1 = 27. Suppose 5*c = 34*d - 32*d - 53, -t*c + 40 = d. Calculate the remainder when d is divided by 2/6 - 26/(-3).
7
Let z = 731 - 665. Suppose -7*m + 3*m + 4*j = -24, -5*m = 4*j - 3. Suppose m*o + 2*v = 61, -4*o = v - 6*v - z. Calculate the remainder when 54 is divided by o.
16
Let o(y) = 9*y**2 - 14 + 3 - 14 - 11*y - 2. What is the remainder when o(-2) is divided by 116/14 + 6/(-21)?
7
Let w be 4/(-6)*(-1 - (-2 - -118)). Suppose 11 = -c + w. Let o = 81 - c. What is the remainder when 49 is divided by o?
7
Let j(i) = -19*i - 20. Let z be (2/(-3))/(3*(-8)/(-180)). Let m be j(z). Let f = -63 + m. What is the remainder when 42 is divided by f?
6
Suppose -2*v + 0*v + 4 = 0. Suppose 5*a - z = 87, 0 = -7*a + v*a - 2*z + 81. What is the remainder when 116 is divided by a?
14
Suppose 4*d = 3*g - 3215, 24*d - 4293 = -4*g + 23*d. What is the remainder when g is divided by 49?
44
Suppose -5*i = -i - 3*k - 16, 0 = -2*k. Suppose -i*r + 113 = 3*d, 3 = -2*d + 3*d. What is the remainder when r + -9 - (-8)/(-2) is divided by 7?
6
Suppose 3*s + 7871 = 5*r, 389*r + 2*s = 384*r + 7886. Calculate the remainder when r is divided by 158.
154
Let v = -7222 - -7264. Calculate the remainder when 884 is divided by v.
2
Let n = 17904 - 16301. Calculate the remainder when n is divided by 20.
3
Suppose 3*w - 535 = -4*n, -4*n + w = 5*w - 540. Suppose 224 = 6*x - n. What is the remainder when 52/(-390) - 4412/(-15) is divided by x?
58
Let r be 1*4 + 6/42*0. Suppose -103 = r*a - 275. Let v = a - -1. Calculate the remainder when v is divided by 9.
8
Suppose -3*y + 84 = -2*y. Suppose -p - y = -3*j + 3*p, p = 2*j - 56. Let k = -91092 + 91110. Calculate the remainder when j is divided by k.
10
Suppose i = 3*i + i. Suppose -58 = -4*v + 2*m - 0*m, i = 5*v - m - 77. Let t = 1 + v. What is the remainder when 115 is divided by t?
13
Let w = -467 + 559. Suppose 198 = -w*h + 101*h. What is the remainder when 76 is divided by h?
10
Let g = -2409 - -2425. Calculate the remainder when 107 is divided by g.
11
Calculate the remainder when (64/24)/(-8)*-1548 is divided by 52.
48
Suppose -4*o + 14736 = -3*k, 5*k + 3718 = 10*o - 9*o. Calculate the remainder when o is divided by 10.
8
Let t(i) = -5*i + 29. Let z be 4/((-4)/(-12) + -1). What is the remainder when t(z) is divided by 19?
2
What is the remainder when 12/2 + (11 - (-8 - 